{"id":1835,"date":"2016-11-06T16:01:30","date_gmt":"2016-11-06T16:01:30","guid":{"rendered":"http:\/\/wpdev.local\/?page_id=1835"},"modified":"2016-11-06T16:01:30","modified_gmt":"2016-11-06T16:01:30","slug":"wie-sieht-unser-bild-einer-ganzheitlichen-versicherungsberatung-aus","status":"publish","type":"page","link":"https:\/\/lerjen-grogg.ch\/site\/haufige-fragen\/wie-sieht-unser-bild-einer-ganzheitlichen-versicherungsberatung-aus\/","title":{"rendered":"Wie sieht unser Bild einer ganzheitlichen Versicherungsberatung aus?"},"content":{"rendered":"<div class=\"col-lg-6 col-xs-12\">\n<h1>Wie sieht unser Bild einer ganzheitlichen Versicherungsberatung aus?<\/h1>\n<p>Den Abschluss eines Betreuungsmandates sehen wir als Beginne einer Kundenbeziehung. Das<span lang=\"DE-CH\"> heisst<\/span> unter anderem auch, dass Sie unsere Dienstleistungen als Privatperson nutzen k\u00f6nnen.<\/p>\n<p>Damit Sie im Bild sind, verfassen wir f\u00fcr Sie einen pers\u00f6nlichen Bericht, der auf Ihre individuellen Bed\u00fcrfnisse abgestimmt ist. Damit haben Sie alle wichtigen Punkte jederzeit zur Hand.<\/p>\n<p>Zusammen mit einer effizienten Verwaltung erreichen wir das Bild einer abgerundeten Dienstleistung.<\/p>\n<p>Sollten Sie Fragen im Versicherungsbereich haben, z\u00f6gern Sie nicht, uns anzurufen. Unser Service steht Ihnen jederzeit zur Verf\u00fcgung. Kompetent und diskret.<\/p>\n<\/div>\n","protected":false},"excerpt":{"rendered":"<p>Wie sieht unser Bild einer ganzheitlichen Versicherungsberatung aus? Den Abschluss eines Betreuungsmandates sehen wir als Beginne einer Kundenbeziehung. Das heisst unter anderem auch, dass Sie unsere Dienstleistungen als&hellip;<\/p>\n","protected":false},"author":1,"featured_media":0,"parent":1773,"menu_order":0,"comment_status":"closed","ping_status":"closed","template":"","meta":{"footnotes":""},"class_list":["post-1835","page","type-page","status-publish","has-post-thumbnail","hentry"],"_links":{"self":[{"href":"https:\/\/lerjen-grogg.ch\/site\/wp-json\/wp\/v2\/pages\/1835","targetHints":{"allow":["GET"]}}],"collection":[{"href":"https:\/\/lerjen-grogg.ch\/site\/wp-json\/wp\/v2\/pages"}],"about":[{"href":"https:\/\/lerjen-grogg.ch\/site\/wp-json\/wp\/v2\/types\/page"}],"author":[{"embeddable":true,"href":"https:\/\/lerjen-grogg.ch\/site\/wp-json\/wp\/v2\/users\/1"}],"replies":[{"embeddable":true,"href":"https:\/\/lerjen-grogg.ch\/site\/wp-json\/wp\/v2\/comments?post=1835"}],"version-history":[{"count":0,"href":"https:\/\/lerjen-grogg.ch\/site\/wp-json\/wp\/v2\/pages\/1835\/revisions"}],"up":[{"embeddable":true,"href":"https:\/\/lerjen-grogg.ch\/site\/wp-json\/wp\/v2\/pages\/1773"}],"wp:attachment":[{"href":"https:\/\/lerjen-grogg.ch\/site\/wp-json\/wp\/v2\/media?parent=1835"}],"curies":[{"name":"wp","href":"https:\/\/api.w.org\/{rel}","templated":true}]}}